{"id":61,"date":"2024-09-18T11:28:46","date_gmt":"2024-09-18T14:28:46","guid":{"rendered":"https:\/\/inversoresgroup.com\/vehiculos\/?post_type=product&#038;p=61"},"modified":"2024-09-18T16:41:30","modified_gmt":"2024-09-18T19:41:30","slug":"cursor","status":"publish","type":"product","link":"https:\/\/inversoresgroup.com\/vehiculos\/index.php\/producto\/cursor\/","title":{"rendered":"Cursor"},"content":{"rendered":"","protected":false},"excerpt":{"rendered":"<p><span style=\"font-weight: 400;\">El Iveco Cursor gana, en la gama Ecoline, un nuevo motor: el FPT Cursor 9, que lo hace uno de los transportes pesados m\u00e1s econ\u00f3micos del mercado. Adem\u00e1s, se renueva completamente el interior de la cabina con un dise\u00f1o m\u00e1s moderno y confortable. El panel tiene un nuevo formato m\u00e1s ergon\u00f3mico y est\u00e9tico. Las nuevas transmisiones ZF sincronizada ahora ofrecen comando de H simple, pensando siempre en la mejora del confort del conductor.<\/span><\/p>\n<p><span style=\"font-weight: 400;\">El Iveco Cursor combina refinamiento tecnol\u00f3gico in\u00e9dito para el segmento y una superior eficiencia operacional, ideal para el transporte industrializado.<\/span><\/p>\n<p><a href=\"http:\/\/inversoresgroup.com\/vehiculos\/wp-content\/uploads\/2024\/09\/CURSOR-4X2_new.pdf\">Ficha t\u00e9cnica<\/a><\/p>\n<p>&nbsp;<\/p>\n[waorder phone=\"5491149933314\" button=\"Consultar por WhatsApp\" message=\"Hola! Quiero mas informacion!\" target=\"yes\"]\n","protected":false},"featured_media":62,"template":"","meta":{"site-sidebar-layout":"default","site-content-layout":"","ast-site-content-layout":"default","site-content-style":"default","site-sidebar-style":"default","ast-global-header-display":"","ast-banner-title-visibility":"","ast-main-header-display":"","ast-hfb-above-header-display":"","ast-hfb-below-header-display":"","ast-hfb-mobile-header-display":"","site-post-title":"","ast-breadcrumbs-content":"","ast-featured-img":"","footer-sml-layout":"","theme-transparent-header-meta":"default","adv-header-id-meta":"","stick-header-meta":"","header-above-stick-meta":"","header-main-stick-meta":"","header-below-stick-meta":"","astra-migrate-meta-layouts":"set","ast-page-background-enabled":"default","ast-page-background-meta":{"desktop":{"background-color":"var(--ast-global-color-4)","background-image":"","background-repeat":"repeat","background-position":"center center","background-size":"auto","background-attachment":"scroll","background-type":"","background-media":"","overlay-type":"","overlay-color":"","overlay-opacity":"","overlay-gradient":""},"tablet":{"background-color":"","background-image":"","background-repeat":"repeat","background-position":"center center","background-size":"auto","background-attachment":"scroll","background-type":"","background-media":"","overlay-type":"","overlay-color":"","overlay-opacity":"","overlay-gradient":""},"mobile":{"background-color":"","background-image":"","background-repeat":"repeat","background-position":"center center","background-size":"auto","background-attachment":"scroll","background-type":"","background-media":"","overlay-type":"","overlay-color":"","overlay-opacity":"","overlay-gradient":""}},"ast-content-background-meta":{"desktop":{"background-color":"var(--ast-global-color-5)","background-image":"","background-repeat":"repeat","background-position":"center center","background-size":"auto","background-attachment":"scroll","background-type":"","background-media":"","overlay-type":"","overlay-color":"","overlay-opacity":"","overlay-gradient":""},"tablet":{"background-color":"var(--ast-global-color-5)","background-image":"","background-repeat":"repeat","background-position":"center center","background-size":"auto","background-attachment":"scroll","background-type":"","background-media":"","overlay-type":"","overlay-color":"","overlay-opacity":"","overlay-gradient":""},"mobile":{"background-color":"var(--ast-global-color-5)","background-image":"","background-repeat":"repeat","background-position":"center center","background-size":"auto","background-attachment":"scroll","background-type":"","background-media":"","overlay-type":"","overlay-color":"","overlay-opacity":"","overlay-gradient":""}}},"product_cat":[17,16],"product_tag":[],"class_list":{"0":"post-61","1":"product","2":"type-product","3":"status-publish","4":"has-post-thumbnail","6":"product_cat-0-km","7":"product_cat-iveco","8":"desktop-align-left","9":"tablet-align-left","10":"mobile-align-left","12":"first","13":"instock","14":"shipping-taxable","15":"product-type-simple"},"_links":{"self":[{"href":"https:\/\/inversoresgroup.com\/vehiculos\/index.php\/wp-json\/wp\/v2\/product\/61","targetHints":{"allow":["GET"]}}],"collection":[{"href":"https:\/\/inversoresgroup.com\/vehiculos\/index.php\/wp-json\/wp\/v2\/product"}],"about":[{"href":"https:\/\/inversoresgroup.com\/vehiculos\/index.php\/wp-json\/wp\/v2\/types\/product"}],"wp:featuredmedia":[{"embeddable":true,"href":"https:\/\/inversoresgroup.com\/vehiculos\/index.php\/wp-json\/wp\/v2\/media\/62"}],"wp:attachment":[{"href":"https:\/\/inversoresgroup.com\/vehiculos\/index.php\/wp-json\/wp\/v2\/media?parent=61"}],"wp:term":[{"taxonomy":"product_cat","embeddable":true,"href":"https:\/\/inversoresgroup.com\/vehiculos\/index.php\/wp-json\/wp\/v2\/product_cat?post=61"},{"taxonomy":"product_tag","embeddable":true,"href":"https:\/\/inversoresgroup.com\/vehiculos\/index.php\/wp-json\/wp\/v2\/product_tag?post=61"}],"curies":[{"name":"wp","href":"https:\/\/api.w.org\/{rel}","templated":true}]}}