{"id":74,"date":"2024-09-18T12:03:59","date_gmt":"2024-09-18T15:03:59","guid":{"rendered":"https:\/\/inversoresgroup.com\/vehiculos\/?post_type=product&#038;p=74"},"modified":"2024-09-18T16:43:02","modified_gmt":"2024-09-18T19:43:02","slug":"daily-furgon","status":"publish","type":"product","link":"https:\/\/inversoresgroup.com\/vehiculos\/index.php\/producto\/daily-furgon\/","title":{"rendered":"Daily Furgon"},"content":{"rendered":"","protected":false},"excerpt":{"rendered":"<h1><span style=\"font-weight: 400;\">Nuevo DAILY Furg\u00f3n \/ Nuevo DAI\u200bLY Mixto<\/span><\/h1>\n<p><span style=\"font-weight: 400;\">El Daily Furg\u00f3n es la nueva opci\u00f3n en el portfolio de IVECO convirti\u00e9ndolo en el veh\u00edculo comercial m\u00e1s vers\u00e1til del segmento.\u00a0\u00a0<\/span><\/p>\n<p><span style=\"font-weight: 400;\">El veh\u00edculo tiene nuevas dimensiones y capacidades con mayor distancia entre ejes y longitud total, y un centro de gravedad y maniobrabilidad mejorada. Los cambios estructurales en esta nueva versi\u00f3n permitieron que los utilitarios cuenten con un rango de configuraciones m\u00e1s amplia, desde 7,3 a 18 m\u00b3.<\/span><\/p>\n<p><span style=\"font-weight: 400;\">En cuanto a la seguridad de la gama, la marca implement\u00f3 la m\u00e1xima tecnolog\u00eda disponible a nivel mundial en sistemas de asistencia de conducci\u00f3n para garantizar un viaje m\u00e1s seguro para el conductor y sus acompa\u00f1antes.<\/span><\/p>\n<p><span style=\"font-weight: 400;\">Adem\u00e1s, el Daily Furg\u00f3n cuenta con un nuevo panel de instrumentos que tiene funciones como control de crucero, limitador de velocidad, retroiluminaci\u00f3n y mensajes de mantenimiento. El conductor tambi\u00e9n cuenta con la comodidad del sensor de marcha atr\u00e1s para facilitar las maniobras con su Daily Furg\u00f3n y radio BT con vinculaci\u00f3n al tel\u00e9fono. Ofrece tambi\u00e9n, como opcional, una pantalla t\u00e1ctil de siete pulgadas con funciones activadas por reconocimiento de voz, pantalla t\u00e1ctil apta para Android Auto y Apple Car Play, y un nuevo climatizador autom\u00e1tico digital.<\/span><\/p>\n<p><span style=\"font-weight: 400;\">La versi\u00f3n furg\u00f3n est\u00e1 pensada para las entregas urbanas con paradas m\u00faltiples como paqueter\u00eda, servicio de mensajer\u00eda o misiones de transporte m\u00e1s pesadas como mudanzas o centros m\u00f3viles.<\/span><\/p>\n<p><span style=\"font-weight: 400;\">\u00a0<\/span><\/p>\n<p><b>\u00a1Podes encontrar diferentes configuraciones y personalizar la Daily que mejor se adapte a tus requisitos operativos y comerciales!<\/b><\/p>\n[waorder phone=\"5491149933314\" button=\"Consultar por WhatsApp\" message=\"Hola! Quiero mas informacion!\" target=\"yes\"]\n","protected":false},"featured_media":75,"template":"","meta":{"site-sidebar-layout":"default","site-content-layout":"","ast-site-content-layout":"default","site-content-style":"default","site-sidebar-style":"default","ast-global-header-display":"","ast-banner-title-visibility":"","ast-main-header-display":"","ast-hfb-above-header-display":"","ast-hfb-below-header-display":"","ast-hfb-mobile-header-display":"","site-post-title":"","ast-breadcrumbs-content":"","ast-featured-img":"","footer-sml-layout":"","theme-transparent-header-meta":"default","adv-header-id-meta":"","stick-header-meta":"","header-above-stick-meta":"","header-main-stick-meta":"","header-below-stick-meta":"","astra-migrate-meta-layouts":"set","ast-page-background-enabled":"default","ast-page-background-meta":{"desktop":{"background-color":"var(--ast-global-color-4)","background-image":"","background-repeat":"repeat","background-position":"center center","background-size":"auto","background-attachment":"scroll","background-type":"","background-media":"","overlay-type":"","overlay-color":"","overlay-opacity":"","overlay-gradient":""},"tablet":{"background-color":"","background-image":"","background-repeat":"repeat","background-position":"center center","background-size":"auto","background-attachment":"scroll","background-type":"","background-media":"","overlay-type":"","overlay-color":"","overlay-opacity":"","overlay-gradient":""},"mobile":{"background-color":"","background-image":"","background-repeat":"repeat","background-position":"center center","background-size":"auto","background-attachment":"scroll","background-type":"","background-media":"","overlay-type":"","overlay-color":"","overlay-opacity":"","overlay-gradient":""}},"ast-content-background-meta":{"desktop":{"background-color":"var(--ast-global-color-5)","background-image":"","background-repeat":"repeat","background-position":"center center","background-size":"auto","background-attachment":"scroll","background-type":"","background-media":"","overlay-type":"","overlay-color":"","overlay-opacity":"","overlay-gradient":""},"tablet":{"background-color":"var(--ast-global-color-5)","background-image":"","background-repeat":"repeat","background-position":"center center","background-size":"auto","background-attachment":"scroll","background-type":"","background-media":"","overlay-type":"","overlay-color":"","overlay-opacity":"","overlay-gradient":""},"mobile":{"background-color":"var(--ast-global-color-5)","background-image":"","background-repeat":"repeat","background-position":"center center","background-size":"auto","background-attachment":"scroll","background-type":"","background-media":"","overlay-type":"","overlay-color":"","overlay-opacity":"","overlay-gradient":""}}},"product_cat":[17,16],"product_tag":[],"class_list":{"0":"post-74","1":"product","2":"type-product","3":"status-publish","4":"has-post-thumbnail","6":"product_cat-0-km","7":"product_cat-iveco","8":"desktop-align-left","9":"tablet-align-left","10":"mobile-align-left","12":"first","13":"instock","14":"shipping-taxable","15":"product-type-simple"},"_links":{"self":[{"href":"https:\/\/inversoresgroup.com\/vehiculos\/index.php\/wp-json\/wp\/v2\/product\/74","targetHints":{"allow":["GET"]}}],"collection":[{"href":"https:\/\/inversoresgroup.com\/vehiculos\/index.php\/wp-json\/wp\/v2\/product"}],"about":[{"href":"https:\/\/inversoresgroup.com\/vehiculos\/index.php\/wp-json\/wp\/v2\/types\/product"}],"wp:featuredmedia":[{"embeddable":true,"href":"https:\/\/inversoresgroup.com\/vehiculos\/index.php\/wp-json\/wp\/v2\/media\/75"}],"wp:attachment":[{"href":"https:\/\/inversoresgroup.com\/vehiculos\/index.php\/wp-json\/wp\/v2\/media?parent=74"}],"wp:term":[{"taxonomy":"product_cat","embeddable":true,"href":"https:\/\/inversoresgroup.com\/vehiculos\/index.php\/wp-json\/wp\/v2\/product_cat?post=74"},{"taxonomy":"product_tag","embeddable":true,"href":"https:\/\/inversoresgroup.com\/vehiculos\/index.php\/wp-json\/wp\/v2\/product_tag?post=74"}],"curies":[{"name":"wp","href":"https:\/\/api.w.org\/{rel}","templated":true}]}}